235 (base 12) to base 3.
110012
What is 2 (base 3) in base 15?
2
Convert -3 (base 16) to base 3.
-10
-1 (base 6) to base 14
-1
5 (base 6) to base 2
101
What is -2 (base 12) in base 2?
-10
Convert -31 (base 5) to base 10.
-16
1101 (base 3) to base 16
25
Convert 5 (base 13) to base 3.
12
What is -52 (base 6) in base 13?
-26
1 (base 3) to base 9
1
55 (base 14) to base 16
4b
What is 2a (base 15) in base 11?
37
Convert -150 (base 8) to base 9.
-125
Convert -3 (base 11) to base 13.
-3
What is 45 (base 13) in base 12?
49
What is 4b (base 12) in base 11?
54
-4a (base 15) to base 5
-240
Convert -113 (base 5) to base 14.
-25
What is 2 (base 15) in base 8?
2
What is 1 (base 7) in base 3?
1
What is 38 (base 14) in base 11?
46
Convert -102 (base 5) to base 16.
-1b
What is 10 (base 8) in base 6?
12
Convert 20 (base 3) to base 14.
6
What is 143 (base 7) in base 5?
310
Convert -10 (base 3) to base 2.
-11
66 (base 14) to base 10
90
Convert 3 (base 6) to base 5.
3
-120 (base 8) to base 2
-1010000
What is 0 (base 8) in base 4?
0
Convert 3 (base 9) to base 13.
3
Convert 22 (base 16) to base 15.
24
What is -24 (base 12) in base 9?
-31
Convert 4 (base 6) to base 4.
10
-110 (base 2) to base 11
-6
Convert 24 (base 9) to base 16.
16
Convert 212 (base 9) to base 4.
2231
What is 16 (base 7) in base 3?
111
Convert -1244 (base 5) to base 12.
-147
117 (base 12) to base 9
201
What is 4 (base 9) in base 15?
4
What is -451 (base 9) in base 14?
-1c6
What is 101 (base 3) in base 2?
1010
What is -214 (base 7) in base 4?
-1231
What is 29 (base 15) in base 5?
124
58 (base 13) to base 7
133
1 (base 16) to base 5
1
What is -1220 (base 3) in base 8?
-63
14 (base 10) to base 9
15
What is -1012 (base 4) in base 6?
-154
What is -11 (base 5) in base 16?
-6
-110011 (base 2) to base 11
-47
What is -1 (base 15) in base 5?
-1
Convert -6 (base 16) to base 3.
-20
Convert 232 (base 4) to base 13.
37
Convert 1 (base 13) to base 14.
1
215 (base 6) to base 5
313
10010 (base 2) to base 5
33
5b (base 12) to base 14
51
10 (base 9) to base 15
9
What is 52 (base 13) in base 4?
1003
-60 (base 14) to base 6
-220
-1000010 (base 2) to base 13
-51
Convert -5 (base 9) to base 10.
-5
Convert 1 (base 13) to base 15.
1
What is 10001 (base 2) in base 6?
25
Convert 2 (base 4) to base 6.
2
What is 14 (base 11) in base 13?
12
Convert 0 (base 15) to base 2.
0
1100 (base 2) to base 14
c
Convert -10 (base 5) to base 6.
-5
40 (base 11) to base 16
2c
-10 (base 5) to base 12
-5
What is -24 (base 15) in base 9?
-37
Convert -14 (base 6) to base 12.
-a
What is 1 (base 5) in base 4?
1
Convert 227 (base 9) to base 16.
bb
-25 (base 8) to base 5
-41
What is 12 (base 5) in base 4?
13
What is 7 (base 14) in base 15?
7
What is -1 (base 4) in base 11?
-1
What is -155 (base 7) in base 11?
-81
What is -2 (base 4) in base 5?
-2
What is -2 (base 14) in base 10?
-2
Convert 20 (base 6) to base 16.
c
Convert 110102 (base 3) to base 10.
335
5 (base 9) to base 8
5
Convert 2234 (base 5) to base 4.
10333
3 (base 10) to base 2
11
-1220 (base 3) to base 14
-39
-105 (base 9) to base 2
-1010110
Convert -12 (base 3) to base 7.
-5
Convert -141 (base 14) to base 10.
-253
What is 215 (base 7) in base 10?
110
What is -180 (base 11) in base 15?
-de
What is 18 (base 12) in base 2?
10100
Convert -52 (base 9) to base 15.
-32
What is -300 (base 4) in base 16?
-30
Convert -3 (base 16) to base 11.
-3
1 (base 5) to base 8
1
65 (base 8) to base 10
53
Convert 1 (base 9) to base 5.
1
Convert -101 (base 3) to base 9.
-11
-32 (base 8) to base 7
-35
What is 6 (base 11) in base 16?
6
Convert 10 (base 6) to base 10.
6
1001101 (base 2) to base 15
52
What is 3 (base 6) in base 12?
3
What is -121 (base 7) in base 4?
-1000
-1 (base 15) to base 12
-1
What is 212 (base 4) in base 2?
100110
Convert 3 (base 12) to base 6.
3
What is -45 (base 15) in base 16?
-41
What is 0 (base 8) in base 6?
0
-224 (base 6) to base 13
-6a
Convert 441 (base 6) to base 16.
a9
What is 1 (base 5) in base 10?
1
What is -2 (base 7) in base 3?
-2
Convert -1 (base 12) to base 14.
-1
-101 (base 2) to base 8
-5
What is 11 (base 12) in base 7?
16
What is 442 (base 7) in base 12?
16a
-c (base 16) to base 10
-12
Convert -24 (base 5) to base 2.
-1110
What is 12 (base 11) in base 3?
111
31 (base 6) to base 8
23
Convert 120 (base 4) to base 13.
1b
Convert 100010 (base 2) to base 15.
24
What is -1 (base 13) in base 6?
-1
Convert -2 (base 6) to base 9.
-2
0 (base 7) to base 13
0
What is -85 (base 11) in base 13?
-72
Convert 11010 (base 3) to base 14.
7d
Convert 1224 (base 5) to base 3.
21000
What is 21 (base 12) in base 11?
23
What is 4 (base 14) in base 12?
4
Convert 2 (base 11) to base 5.
2
4 (base 16) to base 8
4
5 (base 6) to base 15
5
Convert -201 (base 3) to base 12.
-17
What is -30 (base 11) in base 7?
-45
1a (base 11) to base 10
21
What is 31 (base 8) in base 9?
27
152 (base 6) to base 14
4c
-22020 (base 3) to base 6
-1010
Convert -1 (base 8) to base 16.
-1
Convert -33 (base 6) to base 13.
-18
Convert -200 (base 3) to base 13.
-15
-51 (base 15) to base 14
-56
14 (base 14) to base 10
18
What is 3 (base 7) in base 11?
3
What is 215 (base 6) in base 15?
58
What is 2 (base 6) in base 7?
2
Convert -22 (base 10) to base 7.
-31
Convert 2 (base 16) to base 13.
2
What is -9 (base 14) in base 15?
-9
Convert -33 (base 4) to base 9.
-16
-10011 (base 2) to base 10
-19
Convert 136 (base 15) to base 13.
183
What is -4 (base 15) in base 7?
-4
Convert -2 (base 15) to base 14.
-2
Convert -423 (base 7) to base 13.
-135
19 (base 14) to base 2
10111
Convert 4 (base 7) to base 15.
4
26 (base 15) to base 2
100100
Convert 11100 (base 2) to base 7.
40
-2 (base 4) to base 7
-2
What is 2 (base 5) in base 8?
2
Convert -2 (base 14) to base 15.
-2
What is -52 (base 15) in base 3?
-2212
-49 (base 10) to base 11
-45
What is 5 (base 8) in base 7?
5
Convert -7 (base 13) to base 4.
-13
Convert -55 (base 8) to base 13.
-36
What is -6 (base 12) in base 13?
-6
What is -15 (base 12) in base 3?
-122
Convert 114 (base 5) to base 14.
26
-133 (base 6) to base 11
-52
What is -1 (base 7) in base 3?
-1
Convert -1310 (base 4) to base 10.
-116
What is -3 (base 11) in base 7?
-3
Convert 2 (base 13) to base 2.
10
0 (base 11) to base 14
0
What is 3 (base 13) in base 15?
3
Convert -201 (base 3) to base 6.
-31
-4 (base 16) to base 14
-4
Convert 16 (base 10) to base 12.
14
Convert -20 (base 3) to base 4.
-12
What is 16 (base 8) in base 3?
112
50 (base 10) to base 6
122
Convert 3c (base 16) to base 7.
114
Convert 441 (base 6) to base 8.
251
1 (base 13) to base 5
1
Convert 20202 (base 3) to base 5.
1212
111 (base 9) to base 13
70
11a (base 11) to base 15
97
What is -2 (base 13) in base 2?
-10
Convert -100010 (base 2) to base 9.
-37
What is 6a (base 11) in base 6?
204
-2 (base 11) to base 2
-10
Convert -11000011 (base 2) to base 7.
-366
-402 (base 7) to base 16
-c6
What is 100 (base 2) in base 7?
4
Convert -4 (base 5) to base 15.
-4
Convert -4 (base 8) to base 13.
-4
6 (base 8) to base 12
6
Convert 14 (base 8) to base 10.
12
3 (base 7) to base 10
3
-9 (base 10) to base 12
-9
What is -20 (base 7) in base 11?
-13
What is 10 (base 2) in base 6?
2
Convert 4 (base 10) to base 14.
4
What is -100 (base 2) in base 7?
-4
110 (base 2) to base 15
6
Convert 30 (base 8) to base 11.
22
Convert 7 (base 14) to base 4.
13
What is -12 (base 7) in base 13?
-9
What is -7 (base 13) in base 7?
-10
Convert -5 (base 10) to base 5.
-10
What is -63 (base 9) in base 8?
-71
-1b7 (base 13) to base 16
-13f
What is 236 (base 7) in base 14?
8d
Convert 8 (base 12) to base 8.
10
-10 (base 2) to base 15
-2
What is 2 (base 11) in base 8?
2
Convert -6 (base 15) to base 14.
-6
-7 (base 16) to base 7
-10
-21 (base 5) to base 14
-b
147 (base 9) to base 6
324
Convert -27 (base 12) to base 7.
-43
Convert -d (base 16) to base 14.
-d
Convert -60 (base 7) to base 12.
-36
What is 3 (base 8) in base 12?
3
What is 20 (base 14) in base 7?
40
Convert -18 (base 12) to base 8.
-24
Convert 0 (base 9) to base 5.
0
-33 (base 7) to base 16
-18
What is 4f (base 16) in base 7?
142
What is -a (base 16) in base 5?
-20
11111 (base 2) to base 11
29
What is 1 (base 2) in base 12?
1
What is 17 (base 10) in base 5?
32
Convert -6 (base 9) to base 13.
-6
-20 (base 4) to base 5
-13
Convert 1101101 (base 2) to base 14.
7